 Let o(m) = 109 + 3*m**2 - 30*m - 3*m**2 + 6*m + 10*m**2 - 9*m**2. Let y be o(18). Determine w(y).
-8
Let f(r) be the first derivative of -r**4/4 + 19*r**3/3 + 10*r**2 - 14*r - 8962. Determine f(20).
-14
Suppose -g = 3*j - 11, 5*g + j = -j + 16. Let l(t) = -576 - 9*t**2 + 19*t**2 - 11*t**2 + 3*t + 572. Determine l(g).
-2
Let v(i) = i**2 - 4*i + 6. Let c be v(3). Suppose -u + 3*l - 3 = 0, -2 = -5*u - 5*l + c. Let r(o) = 48 + o**2 - o**3 - 19 - 16. Determine r(u).
13
Let v = -13913 - -13920. Let h(f) = f**3 - 7*f**2 - 4*f + 21. Calculate h(v).
-7
Let r = 22 - 10. Suppose 0 = -5*k + r + 3. Suppose -o = -k*o - 2. Let w(a) = -21*a. Determine w(o).
21
Let k(d) = 18*d + 7 - 43*d + 9*d + 13 + 0*d. What is k(5)?
-60
Let o(k) = 2*k**2 - 5. Let b(i) = -11*i**2 - 9*i + 57. Let a(u) = b(u) + 6*o(u). Give a(12).
63
Let v(k) = k - 3. Suppose -n + 6*c = 2*c - 18, 2 = 5*n + 2*c. Let b(o) = 4*o**3 - o**2 + 5*o - 3. Let f be b(n). Suppose -j - 32 + f = 0. What is v(j)?
0
Let n(j) = j + 5. Suppose -28*o + 33 = -25*o. Suppose -3*z - 7 = v, 5*z = 12*v - o*v - 25. Give n(v).
10
Let r(j) = 3*j**2 - 7*j + 7. Let f(t) be the first derivative of 4*t**3/3 - 7*t**2/2 + 9*t + 98. Let x(i) = -4*f(i) + 5*r(i). Calculate x(-3).
11
Let t be (-12)/16*8/(-3). Let c(d) = 2 - 6999*d**2 - 2*d + 3502*d**2 + 3500*d**2. Give c(t).
10
Let h(u) be the first derivative of -u**2 - u + 2079. Let j(l) = 0*l**2 + 2*l**2 + 0*l**2 + 2*l**2. Let w be j(1). Give h(w).
-9
Let d(k) = 112*k + 14. Let w(j) = 20*j - 1. Let q(p) = d(p) - 5*w(p). Give q(-10).
-101
Let i(t) be the first derivative of -13*t**2/2 - 9*t + 874. Determine i(-2).
17
Let c(s) = -s**2 + 8*s + 6. Let f be (13/78*-28)/(2/(-6)). Let n be (-1)/(-2) - (-91)/f. Give c(n).
13
Let p = -5 - -2. Let z(t) be the third derivative of -5*t**4/24 - t**3/2 + 60*t**2 + 84*t. Calculate z(p).
12
Let c(s) = 6*s**3 - 25*s**2 + 7*s - 10. Let h be c(4). Let j(y) = 360*y - 35. Let d(w) = 21*w - 2. Let a(n) = 35*d(n) - 2*j(n). Calculate a(h).
30
Suppose 12 = -2*b + 6*b + 3*t, -4*b - 5*t = -20. Let z(j) = -1 - 1 - 2*j**2 - 4*j**2 - j**3 - 5*j + b. Let k be (-6)/(-84) + (-355)/70. Determine z(k).
-2
Suppose -20*m - 26 = -25*m - o, -2*o - 8 = -2*m. Let l(n) = n**3 - 4*n**2 - n - 12. Determine l(m).
8
Let a(n) = n. Let p = 239 - 237. Suppose -p*h + 2 = 85*b - 81*b, -5*b = 2*h - 4. What is a(b)?
2
Let y(x) = 5*x**2 + 2*x - 1831. Let w(v) = 14*v**2 + 6*v - 5036. Let t(n) = 4*w(n) - 11*y(n). Let p = 4 + -11. Let h = p + 3. Determine t(h).
5
Suppose -3 = -104*g - 3. Let n(v) = v**2 - 3*v - 3. Determine n(g).
-3
Let o(s) = s**3 - 11*s**2 + 4*s + 8 + 9 + 7 - 23. Give o(10).
-59
Let m(s) be the second derivative of -3 + 6819*s**3 - 6820*s**3 + 117*s + 3 + s**2. Give m(2).
-10
Let m(b) = 6*b + 8*b + b**2 - 6*b. Suppose -2*v + 2*y = 24, 25*y + 33 = -4*v + 24*y. Give m(v).
9
Let u be (-3)/44*-8 + 196/44. Let t(a) = -4*a + 38. What is t(u)?
18
Let g(c) = 2*c**2 + 7*c - 403. Let q be g(-16). Let p(x) = -2*x - 7. Determine p(q).
-1
Let f(z) be the first derivative of 15*z**2/2 - 197*z + 1065. Give f(13).
-2
Let q(y) = -12*y**2 - 4*y + 2. Let b = -2966 - -2967. Give q(b).
-14
Let g(x) = x**3 + 8*x**2 - x - 8. Suppose 17 + 33 = -5*c. Let f be (-20)/(-12)*(-18)/c. Suppose -2*k = -4*b - 28, b - 5*b - 26 = -f*k. Calculate g(b).
0
Let l be (-3 + 3)/(3/(-3)). Suppose -3*k + i + 10 + 6 = l, 2*i + 4 = -k. Let d(y) = -k + 35*y - 21*y - 15*y. Give d(3).
-7
Let o(c) = -2*c**2 - 2*c + 2. Let w = 14 - 18. Let z be (0 - 12)*10/w. Suppose -50 + z = 5*h. What is o(h)?
-22
Let o(q) = -3 + 0 + 4 + 13*q. Let x(l) = l**3 + 41*l**2 + 415*l + 118. Let s be x(-17). What is o(s)?
-12
Suppose 0 = -y - 0*y - 2*q - 5, -3*q = y + 7. Let f(s) be the third derivative of -s**3/6 + s**2. Let j(z) = -z + 2. Let n(a) = y*f(a) - j(a). Give n(1).
0
Let m = -3089 + 3096. Let y(n) = -6*n + 17. What is y(m)?
-25
Let a(o) = 4*o + 10. Let f be 12/(1 - (-10)/(-4)). Let z be a(f). Let p = 20 + z. Let u(d) = -d**3 - 2*d**2 - 2. Calculate u(p).
-2
Let l(j) be the first derivative of j**5/20 + j**4/3 + 2*j**3/3 + 3*j**2 + 35*j + 19. Let w(h) be the first derivative of l(h). Give w(-4).
-10
Let u(m) = m**2 - 2*m - 4. Let t(j) = 7*j + 185. Let g be t(-14). Suppose g - 103 = -4*n. Give u(n).
4
Let t = 12 - 6. Suppose -8*u - 14 = -22*u. Let x(c) = 114*c**3 + u - 53*c**3 + 6*c**2 - 2*c - 62*c**3. What is x(t)?
-11
Suppose 5*z = -2*g + 18, 2*z - g - 12 + 3 = 0. Suppose z*o + 2*t + 24 = 0, -2*o - 3*t = 10 + 2. Let f(a) = a**2 + 7*a - 6. Calculate f(o).
-12
Suppose -12 = 38*t - 41*t. Suppose j = -t*g - 52, -j = -3*g - 5*j - 52. Let m(y) = y**2 + 12*y + 2. Determine m(g).
2
Let p(f) = -f**2 - 6*f - 5. Let a(z) = -3*z**2 - 11*z - 11. Suppose -2*x + 9 + 1 = 0. Let j(d) = x*p(d) - 2*a(d). Let b be 18/24*(29 - 21). Calculate j(b).
-15
Let z(j) = -j**2 + 18*j + 395. Let f be z(0). Let u(l) = 192*l - f*l + 199*l + 1. Calculate u(5).
-19
Let i be (113 - (5 + -8)) + 6/2. Let b(v) = -v - 7*v**2 - 57*v**3 - 7 - 61*v**3 - 3 + i*v**3. Calculate b(7).
-17
Suppose -4*f = 28 - 20. Let j be (-3*1/15)/(f/10). Let g = j - -5. Let a(c) = -4*c + 3. Determine a(g).
-21
Suppose 12*q + 100 = 2*q. Let o(b) = -3*b**3 + 13*b**2 - 22*b - 16. Let z(s) = 2*s**3 - 6*s**2 + 11*s + 8. Let j(p) = -3*o(p) - 5*z(p). Calculate j(q).
-2
Let t be (0*7/(-28))/(18/18). Let o(d) = d**2 + 2*d + 7. Give o(t).
7
Let y(h) = -h**3 - 7*h**2 + 8*h - 12. Let b(t) = -2*t**2 + t + 1. Let k(x) = 6*b(x) - y(x). Determine k(5).
8
Let w(r) be the second derivative of r**7/2520 + r**6/80 + r**5/20 + 8*r**4/3 + r**3/6 - r + 12. Let q(p) be the third derivative of w(p). Give q(-5).
-14
Let v(m) = 10 - 1 + m**3 + 222*m + 3*m**2 + 0*m**3 - 223*m. Give v(-4).
-3
Let n(p) = 81*p**2 - 82*p**2 + 72246 - 72229 + 10*p. Calculate n(-3).
-22
Suppose -8*q = -92 + 4. Let t(n) = n**3 - 5*n**2 - 5*n - 18. Let p(h) = -2*h**3 + 9*h**2 + 11*h + 39. Let m(x) = -6*p(x) - 13*t(x). Calculate m(q).
-11
Suppose 0 = -0*l + 5*l, 3*q - 4*l - 3 = 0. Let u(g) = -77*g**2 + g - 2. Determine u(q).
-78
Let k(b) = -26*b**2 - 29*b + 1106. Let w(v) = -5*v**2 - 6*v + 214. Let a(m) = -6*k(m) + 31*w(m). Calculate a(-5).
83
Let j(g) = -g**3 - 7*g**2 - 10*g. Suppose -3*i = -4*c + 2, -52*c + 28 = -56*c - 2*i. What is j(c)?
-8
Let k(t) = -t**3 - 17*t**2 + 3*t + 58. Let s = -4991 + 4974. Give k(s).
7
Let z = -16 - -22. Let o(m) = m**2 + m - m + 0*m + 5*m - z. Suppose 4 = -v - 2*x - 12, 3*v + 2*x = -28. Calculate o(v).
0
Let x = 165 + -167. Let d(w) = -13*w - 21. Give d(x).
5
Suppose 37 = 6*s + 25. Let c(h) = -15 - h**3 + 11 + 3 + 10*h + 9*h**s. Calculate c(10).
-1
Let n be 6 + (-1)/(-1) + -1. Let c(y) = -7*y + n + 5*y - 8. Suppose 0*s + 4*w - 8 = -4*s, -3*s - 19 = -2*w. Determine c(s).
4
Let m(n) = -5 + 6 - 3 - 10*n. What is m(1)?
-12
Let v(g) be the second derivative of 5*g**3/3 + 19*g**2/2 + g - 474. Calculate v(-2).
-1
Let z(y) = -y**2 + 12*y + 18. Suppose -s + 15 = -5*n, 3*s + 5*n - 15 = -2*s. Suppose 10*v - 18 = 9*v + s*d, 0 = v + 3*d - 10. What is z(v)?
5
Let a be ((-4 - 3) + 8)*(-29 - 1). Let l(f) = -2*f**2 - 62*f - 53. Calculate l(a).
7
Let a(x) = -x**3 + 6*x**2 + 5*x + 3. Let d = 93 + -20. Suppose f - 2 = d. Let y = -68 + f. Determine a(y).
-11
Suppose 2*o + 0*z + 3*z = -9, -4*o - 5*z = 13. Let c(x) = -12*x - x**o + 13*x - 12 - 10 - 11*x**2 + 15. Give c(-11).
-18
Suppose 60*o + 16 = 5*z + 64*o, -4*z - 16 = -4*o. Suppose -f + 1 = -7. Suppose 0 = -4*c - 3*t + f, c + z*c + 3*t = -7. Let q(y) = y - 6. What is q(c)?
-1
Let s(j) = -4*j**2 - 16*j - 6. Let p(x) = 2*x**3 - x**2 + 24*x + 24. Let i be p(-1). Determine s(i).
6
Let f(j) be the first derivative of -31*j**2/2 - 12*j + 9847. What is f(-2)?
50
Let w(t) = t**2 + 4*t + 2. Let p(r) = 5*r**2 + 11*r + 11. Let n be p(-1). Suppose n*u + 263 = 238. What is w(u)?
7
Let p = -921/8 + 2767/24. Let c(z) be the third derivative of -p*z**4 + 0*z + 1/60*z**5 + 0 - 14*z**2 - z**3. Determine c(5).
-1
Let y(u) = -u + 13. Suppose -21 = -o + 5*w, -4*o = o + w - 27. Let q(b) = 1. Let d(l) = o*q(l) + y(l). Let j be 4*(4 - (9 + -7)). Calculate d(j).
11
Let u = -193 + 18. Let x = u + 168. Let k(r) = -2*r + 3. Give k(x).
17
Let c(o) be the second derivative of o**4/12 - 7*o**3/6 + 3*o**2 - o. Suppose -1945*t + 585*t + 5440 = 0. What is c(t)?
-6
Let j(t) = -t**3 + 42*t**2 + 127*t + 364